101. Let k = -205 + l. What is the greatest common factor of k and 110?
10
Let g = -30247 - -30288. Calculate the greatest common divisor of g and 5248.
41
Let h = 83 - 59. Let b(c) = 9*c - 4. Let q be b(11). Let t = q - 87. Calculate the greatest common factor of t and h.
8
Suppose 6*h + 285 = 3*z + 9*h, -2*h - 386 = -4*z. What is the greatest common divisor of 196 and z?
4
Let h be 4 - (-2)/3*-3. Let c = -1172 - -1210. Suppose h*g = 5*z + c, -g = 4*g - 5*z - 80. Calculate the greatest common divisor of g and 70.
14
Let g = 2734 + -2614. What is the greatest common factor of g and 375?
15
Let i be 2/4 + 30121/26. Calculate the greatest common factor of i and 38.
19
Let n = -291 - -377. Suppose -88*i + n*i = -38. What is the highest common divisor of 38 and i?
19
Let a be -12*((-59510)/88 - -13). What is the greatest common factor of 21 and a?
21
Let u(l) = -36*l - 5. Let i be u(-2). Let d(h) = 32*h**2 + 6*h - 67. Let g be d(4). Calculate the greatest common factor of i and g.
67
Let v be 14/(-42) - (-122)/6. Suppose -v*d = -18*d - 12. What is the greatest common factor of d and 30?
6
Let l = -28625 + 30449. What is the greatest common factor of 3876 and l?
228
Suppose 2*w - 52*w = -28543 + 9793. Calculate the greatest common divisor of 3225 and w.
75
Suppose b - 5*i - 2 - 118 = 0, 0 = -2*b + i + 249. Calculate the greatest common factor of 12375 and b.
125
Let x(r) = 12*r**2 + 7*r + 1. Let g be x(5). Let m = 250 - 245. Suppose -10 - 89 = -2*p + 3*u, -m*u = p - 17. What is the greatest common factor of g and p?
42
Let b(v) = 476*v - 5618. Let x be b(13). Let u be (-2)/(-12) + 1611/54. What is the highest common divisor of u and x?
30
Let y(b) = -b**3 - b**2 + 252. Let u be y(0). Let t(a) = 13*a**2 + 454*a - 7. Let r be t(-35). What is the highest common divisor of u and r?
28
Let z(p) = 3*p**3 - 9*p**2 - 8*p. Let n be z(6). Let o = n + -224. What is the highest common factor of o and 364?
52
Suppose -34 = s + 53. Let o = -51 - s. Let p(r) = 18*r + 171. Let b be p(-9). What is the greatest common factor of b and o?
9
Suppose -355*i + 360*i = a - 142, 662 = 5*a - i. Let d = -10 - -13. Let x be ((-1)/(-2))/(d/66). What is the greatest common factor of x and a?
11
Suppose -2*n + 3*f + 19 + 11 = 0, -n + 5*f = -1. Calculate the highest common factor of n and 3423.
21
Let j be (-6 + 3)*(5 - (8 + -1)). Let i be 3/6 + 4/(-8). Let l be i - (-7 + 3) - 0. What is the highest common divisor of l and j?
2
Suppose -2*f = 5*d - 3*f - 11, 0 = 5*d - 3*f - 3. Suppose d*z = z - z. Suppose 0 = -2*q - z*q + 24. Calculate the highest common factor of q and 12.
12
Let n be ((-2)/4)/((-4)/8). Let a(j) = 223*j**3 + 3*j**2 - 3*j + 2. Let b be a(n). Suppose s - 6*s = -b. Calculate the greatest common factor of 5 and s.
5
Suppose -3*s + s = -5*y + 4307, 857 = y + 4*s. What is the greatest common factor of 21 and y?
21
Let h be (10 - 4/(-28)) + (-260)/(-91). Let g(y) = -90*y**3 + 2*y**2 + 2*y + 1. Let n be g(-1). What is the greatest common divisor of n and h?
13
Let u(z) = 3*z**2 + 237*z + 1185. Let v be u(-74). Calculate the highest common divisor of 16500 and v.
75
Let q(d) = -16*d + 26. Let t be q(-1). Let f(w) = w**2 - 36*w - 197. Let g be f(t). Calculate the greatest common factor of 220 and g.
55
Suppose 2*m - 248 = -5*a, 0*m = -5*a + 5*m + 220. Suppose -7*t + 12*t - 185 = 0. Let l = a - t. What is the greatest common factor of 88 and l?
11
Suppose 5*d = -3*d + 17*d - 9405. What is the greatest common divisor of d and 95?
95
Suppose -2*y + 7*y + 35 = 5*j, -5*y + 35 = 5*j. Let w(f) = -35*f. Let h be w(2). Let p be h/(-30)*(4 - 1). Calculate the highest common factor of j and p.
7
Suppose 324*k = 288*k + 2016. What is the highest common factor of k and 408?
8
Suppose 5*y + 3830 = 4*n, 2*n + 5*y + 672 = 2572. What is the highest common factor of n and 5?
5
Suppose 5581 - 797 = 17*m - 4*m. Calculate the highest common factor of m and 1936.
16
Let r = -13 - -61. Let t = -181 + 277. Suppose -33*j + t = -25*j. Calculate the highest common factor of r and j.
12
Suppose -5*k + 1788 = -26*j + 22*j, -3*j + 369 = k. What is the highest common divisor of 30 and k?
30
Suppose -32*f + 1643 + 4140 = 151. Calculate the greatest common divisor of f and 80.
16
Let p(n) = -8*n + 9. Let a be p(3). Let v be ((-8)/(40/a))/(2/(-6)). Let h(y) = -6*y - 12. Let s be h(v). What is the highest common divisor of s and 14?
14
Suppose -44 = -7*a - 51. Let x be 114/(5 - 3) - (-3 - a). What is the greatest common factor of x and 590?
59
Let f(p) = -6*p**3 - 161*p**2 + 29*p + 74. Let t be f(-27). Calculate the highest common factor of 565 and t.
5
Let z(y) = y - 1. Let c(n) = -n**2 + 16*n + 45. Let l(r) = -c(r) + 6*z(r). Let b be l(15). Calculate the highest common factor of 696 and b.
24
Let f be 8/20 - (-71)/(-5)*-28. Let d = -308 + f. What is the highest common divisor of 50 and d?
10
Let r(f) = -f**3 - 44*f**2 - 42*f + 46. Let b be r(-43). Suppose -9*w - 4*x + 728 = -5*w, -5*x = -b*w + 562. What is the greatest common divisor of w and 69?
23
Suppose -7 - 1 = -2*j. Let t(g) = g**3 + 31*g**2 - 3*g - 85. Let o be (-6 - -3)/3*(-7 - -38). Let y be t(o). Calculate the greatest common divisor of y and j.
4
Let a(d) = -34*d - 5. Let m be a(-10). Suppose 53*i = 5*i + 3216. Calculate the highest common divisor of i and m.
67
Let s be (50 - 44)/(6/22). Let z(w) = w**2 - 14*w + 19. Let f be z(13). Calculate the greatest common factor of s and f.
2
Let d(z) = -z + 9. Let x be d(-19). Suppose 0 = -20*k + x*k - 1792. Calculate the greatest common factor of 28 and k.
28
Let s = 10443 + -10112. Calculate the greatest common factor of 5 and s.
1
Suppose -58*s + 83*s = 300. Calculate the greatest common factor of 204 and s.
12
Suppose -41678 + 678 = -100*m. Calculate the highest common factor of m and 20.
10
Let f = -62 + 175. Suppose -162 - f = -5*d. Calculate the greatest common divisor of 55 and d.
55
Suppose 2*p = -4*n + 2, 0 = -5*p + 4 + 1. Suppose 0 = 3*h + 14 - 5, n = -3*s - h + 81. Calculate the highest common divisor of 16 and s.
4
Suppose -18*y = -36319 + 4639. Calculate the greatest common divisor of 99 and y.
11
Let p(b) = -2*b**3 + 89*b**2 + 61*b - 162. Let n be p(45). Calculate the highest common factor of 465 and n.
93
Let a(g) = -g**2 + 9*g + 74. Let n be a(14). Suppose 146 - 178 = -n*z. Calculate the highest common factor of 88 and z.
8
Suppose -4*d + 6*d - 278 = 0. Let z be (-1 + d - -4) + 2. Let w be z*(-1)/6*-9. What is the greatest common factor of w and 24?
24
Suppose 0 = -k - 4*u + 65, 0 = 5*k - 5*u - 402 + 52. Calculate the greatest common factor of 989 and k.
23
Suppose 0 = 3*w - g - 158680, -5*w + 264448 = 7821*g - 7825*g. What is the greatest common factor of w and 38?
38
Suppose -867 = -26*z + 43. Suppose z = -3*g + 38. Calculate the greatest common divisor of g and 9.
1
Let t be 108 + -100 - (-3888)/(0 + 1). What is the highest common divisor of t and 16?
8
Let q(b) = 155*b - 27 + 14*b**2 - 2*b - 5*b**2 - 6*b**2 + 1. Let y be q(-52). Calculate the highest common divisor of 195 and y.
65
Let x be (-1 - -1) + (6 - -3). Suppose 2*d = -8 + 2, 2*p + 39 = -d. Let j be (-1287)/p - (-4)/8*1. Calculate the highest common divisor of j and x.
9
Let p be ((136/(-50))/((-3)/45))/((-6)/(-75)). Calculate the greatest common divisor of 102 and p.
102
Suppose -260*d + 24482 = -18158. Calculate the highest common divisor of d and 20500.
164
Suppose 0 = -t + 53 + 7. Let y = 23703 + -23663. Calculate the highest common divisor of t and y.
20
Let f = -7799 + 7807. What is the greatest common divisor of f and 302?
2
Suppose -20920 - 18831 - 75299 = -195*j. Let u be (44/(-33))/((-2)/15). Calculate the greatest common divisor of u and j.
10
Suppose 9*s = 3*s + 84. Suppose 5*v = -5*q - 590, 0 = -q - 5*v + v - 124. Let z = -102 - q. Calculate the greatest common divisor of s and z.
14
Suppose 46 = -4*c + 5*c. Let a be (36/8 + -4)*c. Let m(o) = 5*o**3 - 2*o**2 - 4*o + 10. Let i be m(3). What is the greatest common divisor of i and a?
23
Suppose 0*m + m + 20 = 4*n, 5*n - 5*m - 40 = 0. Let r(b) = 2*b + 45. Let v be r(-16). Suppose -v*g + 25 = -27. Calculate the greatest common factor of g and n.
4
Let r(j) = -j**3 - 11*j**2 + 15*j + 37. Let f be r(-12). Let h be -2*(195/6)/(-5). Let t be h*(f + 4)/5. Calculate